123 + 1113 - (-67 - (-2 + 1)))?
75
Calculate 5 + ((-5 - 7) + 7 - -1) + -71 + 40.
-30
-37 + (76 - 4) - 29
6
Calculate 1 + -100 - ((7 - 11 - 15) + 39 + -21).
-98
What is 101 - (46 + 24 - 11)?
42
Calculate (2 - 0 - 25) + 3 - (-133 + 92 - -35).
-14
-4 - 3 - (45 - (8 + -2 + -2 + -3))
-51
(6 - (-232 + 243 - (-5 - 1))) + 64
53
Calculate 9 - (85 - -96 - 66).
-106
What is 121 + 36 + -173 - (1 - 15)?
-2
-256 - -204 - (23 - 25)
-50
Calculate (-45 - (-6 + 1 - -5)) + -51 + 58.
-38
(2 + 4 - (71 - 14 - 45)) + (0 - 3)
-9
What is the value of (23 - (56 + -10 - (37 - 27))) + (1 - -110)?
98
6 + (-9 + 13 - 1) - (25 + -1 + 5)
-20
What is (32 - (-1 - -1)) + -3597 + 3567?
2
Calculate -11 + ((-5 - -3 - -3) + -1 - 42) + -5.
-58
7 - 16 - (-11 + (9 - 1) + -46)
40
What is the value of -6 - (-11 + (-5 - (4 - 9)) + 6) - -10?
9
What is the value of -38 - -40 - ((2 - 5) + -35)?
40
Calculate 15 - 2 - (8 - (115 + -4 + 4)) - 9.
111
14 + -32 + 21 + -4 - -32
31
Evaluate -9 - ((-3684 - -3742) + (-3 - -1 - 6)).
-59
Calculate (-25 + 61 - 15) + -9 - (27 + -2).
-13
Evaluate (-1 - (1 + 0)) + -1 - (302 - 198).
-107
29 + (14 - 24) + 0 + -42
-23
Calculate -3 - (3 + -6 - (-6 - -17)) - (0 - 3).
14
What is the value of (-1 + -14 + 68 + -56 - (1 - 6)) + 3?
5
What is the value of -2 - -2 - (0 - (17 - (5 + -15)))?
27
Calculate -1 + -19 + (-109 + 133 - 63).
-59
Calculate -18 + 10 + -6 + (-25 - -9 - -80).
50
What is -67 + 29 - (-88 + 82)?
-32
What is 54 + (129 - 196 - 20)?
-33
40 + (22 - (22 + -67 + 81))
26
-195 - -23 - -89 - -73
-10
What is -145 - -152 - (-2 + 2 + -5 - -23)?
-11
Evaluate -110 - (26 - (-30 + 98)).
-68
73 + (-133 - 37 - -132)
35
Evaluate -14 - -35 - 57 - (0 + 4).
-40
-134 - 19 - -14 - (6 - ((9 - 0) + 6))
-130
Evaluate -54 + 64 + 62 + -59.
13
Calculate (12 - -3 - (7 - (40 - 47))) + 81.
82
Evaluate -542 + 558 - (10 + -48).
54
Calculate 7 - 2 - (0 + -22) - (-119 - -107).
39
Evaluate -17 + (-26 - -39 - -3).
-1
Evaluate -18 + 13 + -4 + (9 - (6 + 3 + 21)).
-30
(1 - -14) + -5 + -109 + 87
-12
22 + 0 + -12 + -53 - (3 + 1)
-47
Evaluate (-74 - -42) + (-49 - -18).
-63
Calculate (5 - (-1 - -2)) + (-24 + 10 - (64 + -13)).
-61
90 + (-59 - -46 - (24 + -6))
59
-105 + (107 - 100) + 0
-98
Evaluate -11 + (-2 - (-2 + 14)) + (-5 - -17).
-13
What is (-16 - -2) + (115 + (-37 - -28) - 9)?
83
What is 4 + (-4 - (-25 - -3 - -45))?
-23
What is 5 - (-9 + (2 - (-3 - -3))) - (-76 - -24)?
64
Evaluate 1 + 17 - (78 - (10 - 45)) - -17.
-78
What is the value of (-2 + -9 - -22 - 17) + -1 + -3 + 12?
2
What is the value of 118 - (112 + -17) - -50?
73
What is 113 + -34 - -20 - 111?
-12
Calculate -68 - ((3 - -2) + (25 - 19) - (-31 - -33)).
-77
Evaluate 80 - (29 + (39 - 35)).
47
Calculate 2 - ((-1 - 16) + (1 - -3)).
15
What is 1289 + -1283 - (0 - -83) - (-2 + 9 + -1)?
-83
Evaluate (43 - 57) + 116 + -2 + (2 - 7 - -9).
104
Calculate 3 - 1 - (0 + -47 - (-1398 + 1402)).
53
Evaluate (21 + 28 - 47) + (1 - 7).
-4
Evaluate -77 + -66 + 35 + -10 + 37.
-81
-92 + 194 - (-7 + 5 - -28)
76
Evaluate -43 + 44 + (69 - (-37 + -11)).
118
-19 + -11 + (22 - 18) + 6 + 21
1
-84 - (-64 + -41 + 42)
-21
-62 + 15 - -73 - 18
8
What is 25 + 26 + -21 + -46 - (2 + -17)?
-1
What is the value of (-14 + 10 - -4) + (-20 + 29 - 15)?
-6
What is the value of 2 - -34 - (886 + -849)?
-1
Evaluate 61 - 17 - 41 - -12.
15
Calculate 77 + 15 + -42 - (1 - 42).
91
What is 10 + (-7 + 7 - 23) - (-20 - 11)?
18
What is -28 + 3 + -174 + 149?
-50
-3 - 4 - ((-15 - -3) + (-24 - (-7 + -27)))
-5
Calculate -29 - (-37 + 53 + -74).
29
What is the value of 1 + -1 + 1 - (-2183 - -2203)?
-19
What is the value of 20 - (-29 + 53 - 38)?
34
Evaluate (55 - 29 - -32) + -6 + 18 + -9.
61
What is the value of -63 + 77 - (-103 - -28)?
89
What is the value of (99 - 101) + -4 - (17 - 7)?
-16
What is the value of -3 + -3 + 0 - (-1481 - -1521)?
-46
What is -19 + (2 - 3 - -61) + 12?
53
What is the value of 8 + (-3 - (13 - 4) - -4 - -10)?
10
Calculate 50 - (21 - (24 - 0)) - -9.
62
What is the value of ((43 - 23) + -27 - 19) + -118?
-144
What is -2 + -1 + 34 + (-55 - -27) + -40 + -9?
-46
Calculate 89 - (9 - (-78 - 30)).
-28
What is the value of -25 + (-1 + 5 - (-22 + 54 + -24))?
-29
What is the value of (76 - (5 - 15)) + -18 + -8 + (13 - 1)?
72
Evaluate 3 + (-3 - -2) + 24 - (-137 + 134).
29
18 - (11 - ((107 - 91) + (0 - 5)))
18
Evaluate 56 - (-25 - 22 - -130).
-27
Calculate -2 + (-8 - 1 - -16).
5
0 + (2 + -7 - -3) + 49 + -43
4
96 + -116 + 51 + (0 - 15)
16
Evaluate 45 + -36 + -16 + 38.
31
What is the value of -26 + (24 - (-22 + -15) - 25)?
10
What is the value of 0 + -49 + (4 - 4) - (1515 + -1515)?
-49
What is the value of -22 + 0 + 36 + -72?
-58
89 + 10 + (-35 - (-11 - 14))
89
What is the value of (221 - 261) + -7 + -1?
-48
What is the value of 98 - (42 - 16 - 5 - 10) - -16?
103
-38 + 40 + 25 + (-17 - 2)
8
-8 + (-63 - (11 + (-1 - 1) + -263 + 265))
-82
Calculate 2 + 1 + (1 - 1) - (-3 - (-56 - -11)).
-39
21 - (-2 + 13 + (0 - (-4 + 10)) + 3)
13
Evaluate (-56 - -54) + 14 - (4 + -27).
35
Evaluate -3 + 3 + 10 - (-12 + 6 + -6 + 22).
0
-2 - ((9 - -2) + (-170 - -160))
-3
Calculate -11 + -20 - (25 - 68) - -33.
45
Calculate 74 + (39 - 74) + -130.
-91
What is the value of -7 + (-20 - -7) - (97 - 81)?
-36
Evaluate 7 - (0 + -4) - 3 - (-109 + 178).
-61
Calculate 38 + -131 - (14 + (0 - (5 + (-3 - -5)))).
-100
-1 + 23 + -13 - (-7 + -3)
19
Calculate -233 + 561 + -286 - (-1 - (4 + -1)).
46
-20 - -29 - 22 - (-2 + 1 + (-53 - -40))
1
Evaluate -30 - -34 - (20 - 1) - -5.
-10
What is (-3 - -4) + 6 - (21 - 13) - (-123 - 8)?
130
What is the value of (-2 - 99) + -33 + (12 - -25 - -13)?
-84
What is -1 + -17 + -30 + (-154 - -161)?
-41
What is the value of (511 - 536) + -2 + (2 - 90)?
-115
What is the value of (1 - -40) + 1746 + -1811?
-24
What is the value of -95 + -60 + 78 + 126?
49
Calculate 23 - (-77 - (-16 + (7 - 38))).
53
-1 + -1 + (-4 - -16 - ((-19 - -42) + -68))
55
What is -15 - -67 - 125 - -134?
61
What is 20 + (-4 + 22 - 16) + 19?
41
What is -50 - 4 - (-6520 + 6603)?
-137
What is the value of -2 - (10 - (1 - -11) - 41) - 2?
39
What is the value of -91 - -49 - ((8 - -2) + 1) - (13 + -2)?
-64
-4 + 44 - (-8 + (-6 - -6))
48
What is the value of 23 - (35 + -48 - -26) - -10?
20
What is ((-78 - -98) + -2 + -47 - -17) + 19?
7
47 + (-13 + -36 - 1)
-3
What is 3 - (-3 - ((7 + 6 - 18) + -51) - 8)?
-42
What is (-86 - (2 + -16)) + 18 + -4?
-58
Calculate 88 + 1 + -7190 + 7006.
-95
-11 + 2 - ((-18 - -12) + -18 - 5)
20
-56 - (-52 - (-177 - -80))
-101
(1 + 71 - 53) + 0 - (-25 - 0)
44
Calculate -16 + (-20 - (0 + (-32 - -13))).
-17
What is -66 + -72 + 80 - (-18 + 4)?
-44
Evaluate 41577 + -41563 - (3 + 168 + -3 + -1 + 0).
-153
What is the value of -70 + (5 - 19 - -2) + 6 + -4 + 9?
-71
What is 17 - (-3 + (5 - -3 - 18))?
30
What is (-35 - (-57 + -19)) + -48 + (1 - (-75 + -1))?
70
Evaluate -72 + 65 - (2 - -1).
-10
Calculate (14 - (0 + 0) - -1) + (-301 - -243) - -5.
-38
Evaluate -24 + 28 - (0 + 2) - (-1 + (-5 - 37)).
45
-15696 + 15683 - (-140 - 2)
129
(-3 + -20 + 10 - 12) + -4
-29
What is the value of -12 - -1 - ((103 - 275) + (5 - (5 - 25)))?
136
What is the value of -11 + (0 - -22) + (-278 - -231)?
-36
(3 - 15) + (-9 - (-25 - -7) - -13) - 130
-120
Calculate 15 + (0 - -2) + (44 - 60) + -4 + 124.
121
Evaluate (33 - (-52 - -45) - 120) + (3 - 1).
-78
-18 - (-3 + 3) - (958 - 854) - (4 - 3)
-123
What is (-2 + -3 - (-136 + 149)) + (-10 - 1)?
-29
What is the value of (15 - -10) + -8 + 13 + -10 - 6?
14
3 + 22 + (9 - 30) - 7
-3
What is the value of -14 + -3 + -22 + 22 - -22 - -115?
120
Calculate -84 - (-215 + 86) - 15.
30
Evaluate (8 - 8) + (-4 - 50) + -18 + 28 + -1.
-45
Calculate 3 + -42 + 22 + (-37 - -27).
-27
What is -5 - (-60 - -12 - -78)?
-35
What is the value of (-1 - (-12 + (5 - -1 - 1))) + -61 + 8?
-47
What is -6 + 58 - 143 - -7 - (-1 + 4)?
-87
What is 90 + -51 + -16 + -8?
15
40 + 0 - (2 - ((-27 - -13) + 8))
32
23 + 7 + -403 + 335
-38
Evaluate 47 + -64 + 2 + 25.
10
25 + -23 + (9 - -15) - 67
-41
What is the value of -14 + 2 + (-1 - -5) + (-2 - -5)?
-5
What is the value of -1 - -1 - (-29 - (-10 - 4) - (1 + -64))?
-48
What is the value of 144 - ((200 - 65) + -66)?
75
What is -86 + 74 + 68 + 77?
133
-17 - (4 + 3 + -144 + 161)
-41
Calculate 2 + (1 - -6) - ((25 - 5) + 25).
-36
What is (-20 - (17 - 76)) + -48?
-9
What is the value of 32 + -21 + -24 +